{"id":2,"date":"2022-01-17T22:03:05","date_gmt":"2022-01-17T21:03:05","guid":{"rendered":"https:\/\/rsai.it\/?page_id=2"},"modified":"2022-01-26T12:21:45","modified_gmt":"2022-01-26T11:21:45","slug":"pagina-di-esempio","status":"publish","type":"page","link":"https:\/\/rsai.it\/","title":{"rendered":"Il progetto RSAI"},"content":{"rendered":"\n<p>Nel corso degli incontri di preparazione degli eventi TEA (Transizione ecologica aperta), un programma di comunicazione e dialogo creato da ISPRA per informarsi e discutere delle opportunit\u00e0 del PNRR per il futuro dell\u2019ambiente italiano, ISPRA e Confindustria hanno condiviso l\u2019idea di avviare un progetto sperimentale di rendicontazione periodica della sostenibilit\u00e0 ambientale del settore industriale nazionale (RSAI).<\/p>\n\n\n\n<p>Il progetto, avviato a marzo 2021, intende corrispondere a rigorosi criteri tecnico scientifici, di pubblicit\u00e0 e di trasparenza, per produrre il primo rapporto sulla sostenibilit\u00e0 ambientale dell\u2019industria italiana (RSAI2022) previsto per il primo semestre dell\u2019anno 2022.<\/p>\n\n\n\n<p><a><\/a>Gli obiettivi del progetto sono riassumibile nei seguenti punti<\/p>\n\n\n\n<ul class=\"wp-block-list\"><li>Elaborare un rapporto periodico sulla sostenibilit\u00e0 ambientale dell\u2019industria nel finalizzato a evidenziare le performance delle imprese negli anni, i risultati ottenuti e le prospettive evolutive<\/li><li>Strutturare uno strumento informativo e divulgativo utile a tutti i portatori d\u2019interesse<\/li><li>Offrire un strumento ai decisori politici per meglio calibrare le politiche in modo scientifico e oggettivo<\/li><li>Sviluppare metodiche e indicatori uniformi e migliorare la capacit\u00e0 di sapersi raccontare e monitorare<\/li><li>Il rapporto di sostenibilit\u00e0 \u00e8 una modalit\u00e0 di assunzione di responsabilit\u00e0 attraverso la misurazione e la comunicazione<\/li><\/ul>\n","protected":false},"excerpt":{"rendered":"<p>Nel corso degli incontri di preparazione degli eventi TEA (Transizione ecologica aperta), un programma di comunicazione e dialogo creato da ISPRA per informarsi e discutere delle opportunit\u00e0 del PNRR per il futuro dell\u2019ambiente italiano, ISPRA e Confindustria hanno condiviso l\u2019idea di avviare un progetto sperimentale di rendicontazione periodica della sostenibilit\u00e0 ambientale del settore industriale nazionale (RSAI). Il progetto, avviato a marzo 2021, intende corrispondere a rigorosi criteri tecnico scientifici, di pubblicit\u00e0 e di trasparenza, per produrre il primo rapporto sulla sostenibilit\u00e0 ambientale dell\u2019industria italiana (RSAI2022) previsto per il primo semestre dell\u2019anno 2022. Gli obiettivi del progetto sono riassumibile nei seguenti punti Elaborare un rapporto periodico sulla sostenibilit\u00e0 ambientale dell\u2019industria nel finalizzato a evidenziare le performance delle imprese negli anni, i risultati ottenuti e le prospettive evolutive Strutturare uno strumento informativo e divulgativo utile a tutti i portatori d\u2019interesse Offrire un strumento ai decisori politici per meglio calibrare le politiche in modo scientifico e oggettivo Sviluppare metodiche e indicatori uniformi e migliorare la capacit\u00e0 di sapersi raccontare e monitorare Il rapporto di sostenibilit\u00e0 \u00e8 una modalit\u00e0 di assunzione di responsabilit\u00e0 attraverso la misurazione e la comunicazione<\/p>\n","protected":false},"author":1,"featured_media":0,"parent":0,"menu_order":0,"comment_status":"closed","ping_status":"open","template":"","meta":{"footnotes":""},"class_list":["post-2","page","type-page","status-publish","hentry"],"_links":{"self":[{"href":"https:\/\/rsai.it\/index.php\/wp-json\/wp\/v2\/pages\/2","targetHints":{"allow":["GET"]}}],"collection":[{"href":"https:\/\/rsai.it\/index.php\/wp-json\/wp\/v2\/pages"}],"about":[{"href":"https:\/\/rsai.it\/index.php\/wp-json\/wp\/v2\/types\/page"}],"author":[{"embeddable":true,"href":"https:\/\/rsai.it\/index.php\/wp-json\/wp\/v2\/users\/1"}],"replies":[{"embeddable":true,"href":"https:\/\/rsai.it\/index.php\/wp-json\/wp\/v2\/comments?post=2"}],"version-history":[{"count":1,"href":"https:\/\/rsai.it\/index.php\/wp-json\/wp\/v2\/pages\/2\/revisions"}],"predecessor-version":[{"id":37,"href":"https:\/\/rsai.it\/index.php\/wp-json\/wp\/v2\/pages\/2\/revisions\/37"}],"wp:attachment":[{"href":"https:\/\/rsai.it\/index.php\/wp-json\/wp\/v2\/media?parent=2"}],"curies":[{"name":"wp","href":"https:\/\/api.w.org\/{rel}","templated":true}]}}